{"id":28,"date":"2023-11-17T13:43:11","date_gmt":"2023-11-17T16:43:11","guid":{"rendered":"https:\/\/www.madriproducoes.com.br\/portal\/?page_id=28"},"modified":"2025-10-06T14:54:37","modified_gmt":"2025-10-06T17:54:37","slug":"contato","status":"publish","type":"page","link":"https:\/\/www.madriproducoes.com.br\/portal\/contato\/","title":{"rendered":"Contato"},"content":{"rendered":"\t\t<div data-elementor-type=\"wp-page\" data-elementor-id=\"28\" class=\"elementor elementor-28\" data-elementor-post-type=\"page\">\n\t\t\t\t<div class=\"elementor-element elementor-element-ee6a396 e-flex e-con-boxed e-con e-parent\" data-id=\"ee6a396\" data-element_type=\"container\" data-e-type=\"container\" data-settings=\"{&quot;background_background&quot;:&quot;classic&quot;}\">\n\t\t\t\t\t<div class=\"e-con-inner\">\n\t\t\t\t<div class=\"elementor-element elementor-element-5cc5844 elementor-widget elementor-widget-heading\" data-id=\"5cc5844\" data-element_type=\"widget\" data-e-type=\"widget\" data-widget_type=\"heading.default\">\n\t\t\t\t<div class=\"elementor-widget-container\">\n\t\t\t\t\t<h2 class=\"elementor-heading-title elementor-size-default\">Contato<\/h2>\t\t\t\t<\/div>\n\t\t\t\t<\/div>\n\t\t\t\t\t<\/div>\n\t\t\t\t<\/div>\n\t\t<div class=\"elementor-element elementor-element-8a99490 e-flex e-con-boxed e-con e-parent\" data-id=\"8a99490\" data-element_type=\"container\" data-e-type=\"container\">\n\t\t\t\t\t<div class=\"e-con-inner\">\n\t\t\t\t<div class=\"elementor-element elementor-element-d95f70b elementor-widget elementor-widget-heading\" data-id=\"d95f70b\" data-element_type=\"widget\" data-e-type=\"widget\" data-widget_type=\"heading.default\">\n\t\t\t\t<div class=\"elementor-widget-container\">\n\t\t\t\t\t<h2 class=\"elementor-heading-title elementor-size-default\">Entre em contato conosco<\/h2>\t\t\t\t<\/div>\n\t\t\t\t<\/div>\n\t\t\t\t<div class=\"elementor-element elementor-element-babd05c elementor-widget__width-initial elementor-widget elementor-widget-text-editor\" data-id=\"babd05c\" data-element_type=\"widget\" data-e-type=\"widget\" data-widget_type=\"text-editor.default\">\n\t\t\t\t<div class=\"elementor-widget-container\">\n\t\t\t\t\t\t\t\t\t<p>Ao entrar em contato pelo Whatsapp, por favor, nos envie Seu nome e um breve relato do que deseja para iniciar\u00a0uma\u00a0conversa.<\/p>\t\t\t\t\t\t\t\t<\/div>\n\t\t\t\t<\/div>\n\t\t\t\t<div class=\"elementor-element elementor-element-8c05227 elementor-align-center elementor-widget elementor-widget-button\" data-id=\"8c05227\" data-element_type=\"widget\" data-e-type=\"widget\" data-widget_type=\"button.default\">\n\t\t\t\t<div class=\"elementor-widget-container\">\n\t\t\t\t\t\t\t\t\t<div class=\"elementor-button-wrapper\">\n\t\t\t\t\t<a class=\"elementor-button elementor-button-link elementor-size-sm\" href=\"http:\/\/api.whatsapp.com\/send\/?phone=5511976371013&#038;text&#038;app_absent=0\" target=\"_blank\">\n\t\t\t\t\t\t<span class=\"elementor-button-content-wrapper\">\n\t\t\t\t\t\t<span class=\"elementor-button-icon\">\n\t\t\t\t<svg aria-hidden=\"true\" class=\"e-font-icon-svg e-fab-whatsapp\" viewBox=\"0 0 448 512\" xmlns=\"http:\/\/www.w3.org\/2000\/svg\"><path d=\"M380.9 97.1C339 55.1 283.2 32 223.9 32c-122.4 0-222 99.6-222 222 0 39.1 10.2 77.3 29.6 111L0 480l117.7-30.9c32.4 17.7 68.9 27 106.1 27h.1c122.3 0 224.1-99.6 224.1-222 0-59.3-25.2-115-67.1-157zm-157 341.6c-33.2 0-65.7-8.9-94-25.7l-6.7-4-69.8 18.3L72 359.2l-4.4-7c-18.5-29.4-28.2-63.3-28.2-98.2 0-101.7 82.8-184.5 184.6-184.5 49.3 0 95.6 19.2 130.4 54.1 34.8 34.9 56.2 81.2 56.1 130.5 0 101.8-84.9 184.6-186.6 184.6zm101.2-138.2c-5.5-2.8-32.8-16.2-37.9-18-5.1-1.9-8.8-2.8-12.5 2.8-3.7 5.6-14.3 18-17.6 21.8-3.2 3.7-6.5 4.2-12 1.4-32.6-16.3-54-29.1-75.5-66-5.7-9.8 5.7-9.1 16.3-30.3 1.8-3.7.9-6.9-.5-9.7-1.4-2.8-12.5-30.1-17.1-41.2-4.5-10.8-9.1-9.3-12.5-9.5-3.2-.2-6.9-.2-10.6-.2-3.7 0-9.7 1.4-14.8 6.9-5.1 5.6-19.4 19-19.4 46.3 0 27.3 19.9 53.7 22.6 57.4 2.8 3.7 39.1 59.7 94.8 83.8 35.2 15.2 49 16.5 66.6 13.9 10.7-1.6 32.8-13.4 37.4-26.4 4.6-13 4.6-24.1 3.2-26.4-1.3-2.5-5-3.9-10.5-6.6z\"><\/path><\/svg>\t\t\t<\/span>\n\t\t\t\t\t\t\t\t\t<span class=\"elementor-button-text\">Contato via WhatsApp<\/span>\n\t\t\t\t\t<\/span>\n\t\t\t\t\t<\/a>\n\t\t\t\t<\/div>\n\t\t\t\t\t\t\t\t<\/div>\n\t\t\t\t<\/div>\n\t\t\t\t\t<\/div>\n\t\t\t\t<\/div>\n\t\t\t\t<\/div>\n\t\t","protected":false},"excerpt":{"rendered":"<p>Contato Entre em contato conosco Ao entrar em contato pelo Whatsapp, por favor, nos envie Seu nome e um breve relato do que deseja para iniciar\u00a0uma\u00a0conversa. Contato via WhatsApp<\/p>\n","protected":false},"author":2,"featured_media":0,"parent":0,"menu_order":0,"comment_status":"closed","ping_status":"closed","template":"","meta":{"footnotes":""},"folder":[],"class_list":["post-28","page","type-page","status-publish","hentry"],"yoast_head":"<!-- This site is optimized with the Yoast SEO plugin v27.3 - https:\/\/yoast.com\/product\/yoast-seo-wordpress\/ -->\n<title>Contato - Madri Lab<\/title>\n<meta name=\"robots\" content=\"index, follow, max-snippet:-1, max-image-preview:large, max-video-preview:-1\" \/>\n<link rel=\"canonical\" href=\"https:\/\/www.madriproducoes.com.br\/portal\/contato\/\" \/>\n<meta property=\"og:locale\" content=\"pt_BR\" \/>\n<meta property=\"og:type\" content=\"article\" \/>\n<meta property=\"og:title\" content=\"Contato - Madri Lab\" \/>\n<meta property=\"og:description\" content=\"Contato Entre em contato conosco Ao entrar em contato pelo Whatsapp, por favor, nos envie Seu nome e um breve relato do que deseja para iniciar\u00a0uma\u00a0conversa. Contato via WhatsApp\" \/>\n<meta property=\"og:url\" content=\"https:\/\/www.madriproducoes.com.br\/portal\/contato\/\" \/>\n<meta property=\"og:site_name\" content=\"Madri Lab\" \/>\n<meta property=\"article:modified_time\" content=\"2025-10-06T17:54:37+00:00\" \/>\n<meta name=\"twitter:card\" content=\"summary_large_image\" \/>\n<meta name=\"twitter:label1\" content=\"Est. tempo de leitura\" \/>\n\t<meta name=\"twitter:data1\" content=\"1 minuto\" \/>\n<!-- \/ Yoast SEO plugin. -->","yoast_head_json":{"title":"Contato - Madri Lab","robots":{"index":"index","follow":"follow","max-snippet":"max-snippet:-1","max-image-preview":"max-image-preview:large","max-video-preview":"max-video-preview:-1"},"canonical":"https:\/\/www.madriproducoes.com.br\/portal\/contato\/","og_locale":"pt_BR","og_type":"article","og_title":"Contato - Madri Lab","og_description":"Contato Entre em contato conosco Ao entrar em contato pelo Whatsapp, por favor, nos envie Seu nome e um breve relato do que deseja para iniciar\u00a0uma\u00a0conversa. Contato via WhatsApp","og_url":"https:\/\/www.madriproducoes.com.br\/portal\/contato\/","og_site_name":"Madri Lab","article_modified_time":"2025-10-06T17:54:37+00:00","twitter_card":"summary_large_image","twitter_misc":{"Est. tempo de leitura":"1 minuto"},"schema":{"@context":"https:\/\/schema.org","@graph":[{"@type":"WebPage","@id":"https:\/\/www.madriproducoes.com.br\/portal\/contato\/","url":"https:\/\/www.madriproducoes.com.br\/portal\/contato\/","name":"Contato - Madri Lab","isPartOf":{"@id":"https:\/\/www.madriproducoes.com.br\/portal\/#website"},"datePublished":"2023-11-17T16:43:11+00:00","dateModified":"2025-10-06T17:54:37+00:00","breadcrumb":{"@id":"https:\/\/www.madriproducoes.com.br\/portal\/contato\/#breadcrumb"},"inLanguage":"pt-BR","potentialAction":[{"@type":"ReadAction","target":["https:\/\/www.madriproducoes.com.br\/portal\/contato\/"]}]},{"@type":"BreadcrumbList","@id":"https:\/\/www.madriproducoes.com.br\/portal\/contato\/#breadcrumb","itemListElement":[{"@type":"ListItem","position":1,"name":"In\u00edcio","item":"https:\/\/www.madriproducoes.com.br\/portal\/"},{"@type":"ListItem","position":2,"name":"Contato"}]},{"@type":"WebSite","@id":"https:\/\/www.madriproducoes.com.br\/portal\/#website","url":"https:\/\/www.madriproducoes.com.br\/portal\/","name":"Madri Lab","description":"&quot;Descubra a Madriprodu\u00e7\u00f5es: especialistas em criar eventos inesquec\u00edveis! Oferecemos solu\u00e7\u00f5es completas em produ\u00e7\u00e3o audiovisual, gest\u00e3o de eventos e conte\u00fados digitais para transformar sua ideia em realidade. Confira nossos servi\u00e7os!","publisher":{"@id":"https:\/\/www.madriproducoes.com.br\/portal\/#organization"},"potentialAction":[{"@type":"SearchAction","target":{"@type":"EntryPoint","urlTemplate":"https:\/\/www.madriproducoes.com.br\/portal\/?s={search_term_string}"},"query-input":{"@type":"PropertyValueSpecification","valueRequired":true,"valueName":"search_term_string"}}],"inLanguage":"pt-BR"},{"@type":"Organization","@id":"https:\/\/www.madriproducoes.com.br\/portal\/#organization","name":"Madri Lab","url":"https:\/\/www.madriproducoes.com.br\/portal\/","logo":{"@type":"ImageObject","inLanguage":"pt-BR","@id":"https:\/\/www.madriproducoes.com.br\/portal\/#\/schema\/logo\/image\/","url":"https:\/\/www.madriproducoes.com.br\/portal\/wp-content\/uploads\/2023\/11\/logotipo-header.png","contentUrl":"https:\/\/www.madriproducoes.com.br\/portal\/wp-content\/uploads\/2023\/11\/logotipo-header.png","width":160,"height":92,"caption":"Madri Lab"},"image":{"@id":"https:\/\/www.madriproducoes.com.br\/portal\/#\/schema\/logo\/image\/"}}]}},"_links":{"self":[{"href":"https:\/\/www.madriproducoes.com.br\/portal\/wp-json\/wp\/v2\/pages\/28","targetHints":{"allow":["GET"]}}],"collection":[{"href":"https:\/\/www.madriproducoes.com.br\/portal\/wp-json\/wp\/v2\/pages"}],"about":[{"href":"https:\/\/www.madriproducoes.com.br\/portal\/wp-json\/wp\/v2\/types\/page"}],"author":[{"embeddable":true,"href":"https:\/\/www.madriproducoes.com.br\/portal\/wp-json\/wp\/v2\/users\/2"}],"replies":[{"embeddable":true,"href":"https:\/\/www.madriproducoes.com.br\/portal\/wp-json\/wp\/v2\/comments?post=28"}],"version-history":[{"count":134,"href":"https:\/\/www.madriproducoes.com.br\/portal\/wp-json\/wp\/v2\/pages\/28\/revisions"}],"predecessor-version":[{"id":8799,"href":"https:\/\/www.madriproducoes.com.br\/portal\/wp-json\/wp\/v2\/pages\/28\/revisions\/8799"}],"wp:attachment":[{"href":"https:\/\/www.madriproducoes.com.br\/portal\/wp-json\/wp\/v2\/media?parent=28"}],"wp:term":[{"taxonomy":"folder","embeddable":true,"href":"https:\/\/www.madriproducoes.com.br\/portal\/wp-json\/wp\/v2\/folder?post=28"}],"curies":[{"name":"wp","href":"https:\/\/api.w.org\/{rel}","templated":true}]}}